{"id":736,"date":"2022-12-14T09:33:07","date_gmt":"2022-12-14T09:33:07","guid":{"rendered":"http:\/\/schweiz.media\/?page_id=736"},"modified":"2022-12-14T09:33:08","modified_gmt":"2022-12-14T09:33:08","slug":"gmx","status":"publish","type":"page","link":"https:\/\/schweiz.media\/index.php\/gmx\/","title":{"rendered":"gmx"},"content":{"rendered":"<div class=\"feedzy-40bd9cd2be7d57bd8b7b2471c54a99f8 feedzy-rss\"><div class=\"rss_header\"><h2><a href=\"https:\/\/www.gmx.ch\/magazine\/\" class=\"rss_title\" rel=\"noopener\">News: Aktuelle Nachrichten, Ratgeber, Sport &amp; vieles mehr<\/a> <span class=\"rss_description\"> In den Magazinen finden Sie Nachrichten und Bilder zu Themen wie Unterhaltung, Sport, News und vieles mehr.<\/span><\/h2><\/div><ul><li  style=\"padding: 15px 0 25px\" class=\"rss_item\"><div class=\"rss_image\" style=\"height:150px;width:150px;\"><a href=\"https:\/\/www.gmx.ch\/magazine\/ratgeber\/finanzen-verbraucher\/wechseln-aendert-riester-sparer-42273188?utm_medium=rssfeed&#038;utm_content=index\" target=\"_blank\" rel=\" noopener\" title=\"Wechseln oder behalten?\" style=\"height:150px;width:150px;\"><img decoding=\"async\" src=\"https:\/\/i0.gmx.ch\/image\/190\/42273190,pd=1,f=responsive169-w450\/arbeitet-laptop.jpg\" title=\"Wechseln oder behalten?\" style=\"height:150px;width:150px;\"><\/a><\/div><span class=\"title\"><a href=\"https:\/\/www.gmx.ch\/magazine\/ratgeber\/finanzen-verbraucher\/wechseln-aendert-riester-sparer-42273188?utm_medium=rssfeed&#038;utm_content=index\" target=\"_blank\" rel=\" noopener\">Wechseln oder behalten?<\/a><\/span><div class=\"rss_content\" style=\"\"><small>on May 15, 2026 at 11:28 am <\/small><p>Ab 2027 k\u00f6nnen Riester-Sparer in neue Vorsorgeprodukte mit mehr Renditechancen und wom\u00f6glich geringeren Kosten wechseln.<\/p><\/div><\/li><li  style=\"padding: 15px 0 25px\" class=\"rss_item\"><div class=\"rss_image\" style=\"height:150px;width:150px;\"><a href=\"https:\/\/www.gmx.ch\/magazine\/politik\/us-politik\/ploetzlich-stimmt-trump-toene-42271764?utm_medium=rssfeed&#038;utm_content=index\" target=\"_blank\" rel=\" noopener\" title=\"Pl\u00f6tzlich stimmt Trump ganz andere T\u00f6ne an\" style=\"height:150px;width:150px;\"><img decoding=\"async\" src=\"https:\/\/i0.gmx.ch\/image\/460\/42272460,pd=1,f=responsive169-w450.jpg\" title=\"Pl\u00f6tzlich stimmt Trump ganz andere T\u00f6ne an\" style=\"height:150px;width:150px;\"><\/a><\/div><span class=\"title\"><a href=\"https:\/\/www.gmx.ch\/magazine\/politik\/us-politik\/ploetzlich-stimmt-trump-toene-42271764?utm_medium=rssfeed&#038;utm_content=index\" target=\"_blank\" rel=\" noopener\">Pl\u00f6tzlich stimmt Trump ganz andere T\u00f6ne an<\/a><\/span><div class=\"rss_content\" style=\"\"><small>on May 15, 2026 at 11:24 am <\/small><p>US-Pr\u00e4sident Donald Trump ist nach seinem mehrt\u00e4gigen Staatsbesuch in China wieder auf dem R\u00fcckweg in die USA. W\u00e4hrend seines Aufenthalts in Peking traf er mit Chinas Staatschef Xi Jinping zusammen, um unter anderem \u00fcber Handelsabkommen zu sprechen. Doch es gab auch Gespr\u00e4chsthemen mit Z\u00fcndstoff. (dpa\/bearbeitet von mm)<\/p><\/div><\/li><li  style=\"padding: 15px 0 25px\" class=\"rss_item\"><div class=\"rss_image\" style=\"height:150px;width:150px;\"><a href=\"https:\/\/www.gmx.ch\/magazine\/unterhaltung\/videos\/stars\/ueberraschung-cannes-barbara-palvin-zeigt-babybauch-42272930?utm_medium=rssfeed&#038;utm_content=index\" target=\"_blank\" rel=\" noopener\" title=\"\u00dcberraschung in Cannes: Barbara Palvin zeigt ihren Babybauch\" style=\"height:150px;width:150px;\"><img decoding=\"async\" src=\"https:\/\/i0.gmx.ch\/image\/932\/42272932,pd=1,f=responsive169-w450.jpg\" title=\"\u00dcberraschung in Cannes: Barbara Palvin zeigt ihren Babybauch\" style=\"height:150px;width:150px;\"><\/a><\/div><span class=\"title\"><a href=\"https:\/\/www.gmx.ch\/magazine\/unterhaltung\/videos\/stars\/ueberraschung-cannes-barbara-palvin-zeigt-babybauch-42272930?utm_medium=rssfeed&#038;utm_content=index\" target=\"_blank\" rel=\" noopener\">\u00dcberraschung in Cannes: Barbara Palvin zeigt ihren Babybauch<\/a><\/span><div class=\"rss_content\" style=\"\"><small>on May 15, 2026 at 11:19 am <\/small><p>Barbara Palvin und Dylan Sprouse haben f\u00fcr eine \u00dcberraschung bei den Filmfestspielen in Cannes gesorgt. Das Model erschien schwanger in einem babyblauen T\u00fcllkleid mit Federdetails.<\/p><\/div><\/li><li  style=\"padding: 15px 0 25px\" class=\"rss_item\"><div class=\"rss_image\" style=\"height:150px;width:150px;\"><a href=\"https:\/\/www.gmx.ch\/magazine\/unterhaltung\/musik\/ikkimel-rap-rollenbilder-aufmischt-42271414?utm_medium=rssfeed&#038;utm_content=index\" target=\"_blank\" rel=\" noopener\" title=\"Wie Ikkimel Rap und Rollenbilder aufmischt\" style=\"height:150px;width:150px;\"><img decoding=\"async\" src=\"https:\/\/i0.gmx.ch\/image\/416\/42271416,pd=3,f=responsive169-w450\/ikkimel.jpg\" title=\"Wie Ikkimel Rap und Rollenbilder aufmischt\" style=\"height:150px;width:150px;\"><\/a><\/div><span class=\"title\"><a href=\"https:\/\/www.gmx.ch\/magazine\/unterhaltung\/musik\/ikkimel-rap-rollenbilder-aufmischt-42271414?utm_medium=rssfeed&#038;utm_content=index\" target=\"_blank\" rel=\" noopener\">Wie Ikkimel Rap und Rollenbilder aufmischt<\/a><\/span><div class=\"rss_content\" style=\"\"><small>on May 15, 2026 at 11:17 am <\/small><p>Was passiert, wenn eine Rapperin M\u00e4nner in K\u00e4fige steckt und Hasskommentare \u00f6ffentlich macht? Ikkimel bricht mit Tabus \u2013 und trifft einen Nerv.<\/p><\/div><\/li><li  style=\"padding: 15px 0 25px\" class=\"rss_item\"><div class=\"rss_image\" style=\"height:150px;width:150px;\"><a href=\"https:\/\/www.gmx.ch\/magazine\/unterhaltung\/adel\/britische-royals\/abschluss-italien-reise-prinzessin-kate-pasta-42273118?utm_medium=rssfeed&#038;utm_content=index\" target=\"_blank\" rel=\" noopener\" title=\"Abschluss der Italien-Reise: Prinzessin Kate macht Pasta\" style=\"height:150px;width:150px;\"><img decoding=\"async\" src=\"https:\/\/i0.gmx.ch\/image\/120\/42273120,pd=1,f=responsive169-w450\/prinzessin-kate-pastateig-kneten.jpg\" title=\"Abschluss der Italien-Reise: Prinzessin Kate macht Pasta\" style=\"height:150px;width:150px;\"><\/a><\/div><span class=\"title\"><a href=\"https:\/\/www.gmx.ch\/magazine\/unterhaltung\/adel\/britische-royals\/abschluss-italien-reise-prinzessin-kate-pasta-42273118?utm_medium=rssfeed&#038;utm_content=index\" target=\"_blank\" rel=\" noopener\">Abschluss der Italien-Reise: Prinzessin Kate macht Pasta<\/a><\/span><div class=\"rss_content\" style=\"\"><small>on May 15, 2026 at 11:17 am <\/small><p>Prinzessin Kates letzter Termin in Italien f\u00fchrte sie in die K\u00fcche eines Ferienhofes. Bei der Vorbereitung des Mittagessens packte sie selbst an: Sie knetete, f\u00fcllte und formte Pasta.<\/p><\/div><\/li><\/ul> <\/div><style type=\"text\/css\" media=\"all\">.feedzy-rss .rss_item .rss_image{float:left;position:relative;border:none;text-decoration:none;max-width:100%}.feedzy-rss .rss_item .rss_image span{display:inline-block;position:absolute;width:100%;height:100%;background-position:50%;background-size:cover}.feedzy-rss .rss_item .rss_image{margin:.3em 1em 0 0;content-visibility:auto}.feedzy-rss ul{list-style:none}.feedzy-rss ul li{display:inline-block}<\/style>","protected":false},"excerpt":{"rendered":"","protected":false},"author":1,"featured_media":0,"parent":0,"menu_order":0,"comment_status":"closed","ping_status":"closed","template":"","meta":{"_gspb_post_css":"","om_disable_all_campaigns":false,"_eb_attr":"","_monsterinsights_skip_tracking":false,"_monsterinsights_sitenote_active":false,"_monsterinsights_sitenote_note":"","_monsterinsights_sitenote_category":0,"footnotes":""},"class_list":["post-736","page","type-page","status-publish","hentry"],"aioseo_notices":[],"_links":{"self":[{"href":"https:\/\/schweiz.media\/index.php\/wp-json\/wp\/v2\/pages\/736","targetHints":{"allow":["GET"]}}],"collection":[{"href":"https:\/\/schweiz.media\/index.php\/wp-json\/wp\/v2\/pages"}],"about":[{"href":"https:\/\/schweiz.media\/index.php\/wp-json\/wp\/v2\/types\/page"}],"author":[{"embeddable":true,"href":"https:\/\/schweiz.media\/index.php\/wp-json\/wp\/v2\/users\/1"}],"replies":[{"embeddable":true,"href":"https:\/\/schweiz.media\/index.php\/wp-json\/wp\/v2\/comments?post=736"}],"version-history":[{"count":1,"href":"https:\/\/schweiz.media\/index.php\/wp-json\/wp\/v2\/pages\/736\/revisions"}],"predecessor-version":[{"id":737,"href":"https:\/\/schweiz.media\/index.php\/wp-json\/wp\/v2\/pages\/736\/revisions\/737"}],"wp:attachment":[{"href":"https:\/\/schweiz.media\/index.php\/wp-json\/wp\/v2\/media?parent=736"}],"curies":[{"name":"wp","href":"https:\/\/api.w.org\/{rel}","templated":true}]}}