{"id":558,"date":"2022-12-12T13:57:09","date_gmt":"2022-12-12T13:57:09","guid":{"rendered":"http:\/\/schweiz.media\/?page_id=558"},"modified":"2022-12-12T13:57:09","modified_gmt":"2022-12-12T13:57:09","slug":"blick","status":"publish","type":"page","link":"https:\/\/schweiz.media\/index.php\/blick\/","title":{"rendered":"Blick"},"content":{"rendered":"<div class=\"feedzy-61a61a38ef59d774de215ffd6313ed0f feedzy-rss\"><div class=\"rss_header\"><h2><a href=\"https:\/\/www.blick.ch\/\" class=\"rss_title\" rel=\"noopener\">Schweiz &#8211; Alle News, Analysen, Bilder &amp; Videos | Blick.ch<\/a> <span class=\"rss_description\"> Schweiz News. Auf Blick findest du immer alle News und wirst bestens informiert.<\/span><\/h2><\/div><ul><li  style=\"padding: 15px 0 25px\" class=\"rss_item\"><span class=\"title\"><a href=\"https:\/\/www.blick.ch\/schweiz\/graubuenden\/wegen-schnee-toefffahrerin-52-wird-bei-unfall-auf-berninapass-verletzt-id21950547.html\" target=\"_blank\" rel=\" noopener\">Wegen Schnee: T\u00f6fffahrerin (52) wird bei Unfall auf Berninapass verletzt<\/a><\/span><div class=\"rss_content\" style=\"\"><small>by <a href=\"\/\/www.blick.ch\" target=\"_blank\" title=\"www.blick.ch\">Mattia Jutzeler<\/a> on May 15, 2026 at 10:52 am <\/small><p>Eine 52-j\u00e4hrige T\u00f6fffahrerin wurde bei einem Verkehrsunfall in Pontresina verletzt und ins Spital gebracht. Grund f\u00fcr den Sturz war die schneebedeckte Strasse.<\/p><\/div><\/li><li  style=\"padding: 15px 0 25px\" class=\"rss_item\"><span class=\"title\"><a href=\"https:\/\/www.blick.ch\/schweiz\/zentralschweiz\/luzern\/demo-bei-tankstelle-in-kriens-lu-aktivisten-behindern-autofahrer-beim-tanken-id21948646.html\" target=\"_blank\" rel=\" noopener\">Demo bei Tankstelle in Kriens LU: Aktivisten behindern Autofahrer beim Tanken<\/a><\/span><div class=\"rss_content\" style=\"\"><small>by <a href=\"\/\/www.blick.ch\" target=\"_blank\" title=\"www.blick.ch\">Mattia Jutzeler<\/a> on May 15, 2026 at 9:48 am <\/small><p>Acht Personen protestierten am Donnerstag in Kriens LU gegen Erd\u00f6l und blockierten eine Tankstelle. Die Polizei griff ein, trug Demonstrierende weg und zeigte zwei Personen wegen Hinderung einer Amtshandlung an.<\/p><\/div><\/li><li  style=\"padding: 15px 0 25px\" class=\"rss_item\"><span class=\"title\"><a href=\"https:\/\/www.blick.ch\/politik\/paradebeispiel-finanzieller-entgleisung-umbau-von-bruchbude-kostet-kanton-bern-millionen-id21949769.html\" target=\"_blank\" rel=\" noopener\">\u00abParadebeispiel finanzieller Entgleisung\u00bb: Umbau von Bruchbude kostet Kanton Bern Millionen<\/a><\/span><div class=\"rss_content\" style=\"\"><small>by <a href=\"\/\/www.blick.ch\" target=\"_blank\" title=\"www.blick.ch\">C\u00e9line Zahno<\/a> on May 15, 2026 at 9:07 am <\/small><p>Ein altes Fabrikgeb\u00e4ude in Tavannes wird f\u00fcr den Kanton Bern zum finanziellen Albtraum. Nach dem Kauf 2023 explodieren nun die Kosten \u2013 wegen Statikproblemen und giftigen Stoffen.<\/p><\/div><\/li><li  style=\"padding: 15px 0 25px\" class=\"rss_item\"><span class=\"title\"><a href=\"https:\/\/www.blick.ch\/wirtschaft\/schweizer-branche-leidet-japanischer-pharmakonzern-streicht-280-stellen-in-zuerich-id21949966.html\" target=\"_blank\" rel=\" noopener\">Schweizer Branche leidet: Japanischer Pharmakonzern streicht 280 Stellen in Z\u00fcrich<\/a><\/span><div class=\"rss_content\" style=\"\"><small>by <a href=\"\/\/www.blick.ch\" target=\"_blank\" title=\"www.blick.ch\">Michael Hotz<\/a> on May 15, 2026 at 8:20 am <\/small><p>Das japanische Unternehmen Takeda plant einen Stellenabbau bei seiner Europazentrale in Opfikon ZH. 280 Jobs sollen wegfallen. Ein weiteres Beispiel daf\u00fcr, dass die Schweizer Pharmaindustrie unter Druck ist.<\/p><\/div><\/li><li  style=\"padding: 15px 0 25px\" class=\"rss_item\"><span class=\"title\"><a href=\"https:\/\/www.blick.ch\/schweiz\/ostschweiz\/st-gallen\/kantonsspital-st-gallen-entsorgte-akten-sie-sucht-ihren-vater-und-spuert-22-halbgeschwister-auf-id21950022.html\" target=\"_blank\" rel=\" noopener\">Kantonsspital St. Gallen entsorgte Akten: Sie sucht ihren Vater \u2013 und sp\u00fcrt 22 Halbgeschwister auf<\/a><\/span><div class=\"rss_content\" style=\"\"><small>by <a href=\"\/\/www.blick.ch\" target=\"_blank\" title=\"www.blick.ch\">Yves Demuth<\/a> on May 15, 2026 at 7:58 am <\/small><p>Das Kantonsspital St. Gallen liess zu, dass ein Samenspender Dutzende Kinder zeugte \u2013 und vernichtete danach die Unterlagen. Eine seiner T\u00f6chter ist Nathalie Haller.<\/p><\/div><\/li><\/ul> <\/div><style type=\"text\/css\" media=\"all\">.feedzy-rss .rss_item .rss_image{float:left;position:relative;border:none;text-decoration:none;max-width:100%}.feedzy-rss .rss_item .rss_image span{display:inline-block;position:absolute;width:100%;height:100%;background-position:50%;background-size:cover}.feedzy-rss .rss_item .rss_image{margin:.3em 1em 0 0;content-visibility:auto}.feedzy-rss ul{list-style:none}.feedzy-rss ul li{display:inline-block}<\/style>","protected":false},"excerpt":{"rendered":"","protected":false},"author":1,"featured_media":0,"parent":0,"menu_order":0,"comment_status":"closed","ping_status":"closed","template":"","meta":{"_gspb_post_css":"","om_disable_all_campaigns":false,"_eb_attr":"","_monsterinsights_skip_tracking":false,"_monsterinsights_sitenote_active":false,"_monsterinsights_sitenote_note":"","_monsterinsights_sitenote_category":0,"footnotes":""},"class_list":["post-558","page","type-page","status-publish","hentry"],"aioseo_notices":[],"_links":{"self":[{"href":"https:\/\/schweiz.media\/index.php\/wp-json\/wp\/v2\/pages\/558","targetHints":{"allow":["GET"]}}],"collection":[{"href":"https:\/\/schweiz.media\/index.php\/wp-json\/wp\/v2\/pages"}],"about":[{"href":"https:\/\/schweiz.media\/index.php\/wp-json\/wp\/v2\/types\/page"}],"author":[{"embeddable":true,"href":"https:\/\/schweiz.media\/index.php\/wp-json\/wp\/v2\/users\/1"}],"replies":[{"embeddable":true,"href":"https:\/\/schweiz.media\/index.php\/wp-json\/wp\/v2\/comments?post=558"}],"version-history":[{"count":2,"href":"https:\/\/schweiz.media\/index.php\/wp-json\/wp\/v2\/pages\/558\/revisions"}],"predecessor-version":[{"id":779,"href":"https:\/\/schweiz.media\/index.php\/wp-json\/wp\/v2\/pages\/558\/revisions\/779"}],"wp:attachment":[{"href":"https:\/\/schweiz.media\/index.php\/wp-json\/wp\/v2\/media?parent=558"}],"curies":[{"name":"wp","href":"https:\/\/api.w.org\/{rel}","templated":true}]}}